hest common factor of y and d?
48
Let i be (-104)/260*(1 + 15 + -1). Let h be (-121706)/(-195) + i/45. Calculate the highest common divisor of 78 and h.
78
Let m(x) = x**3 - 24*x**2 + 24*x + 1. Let n be m(23). What is the highest common divisor of n and 136?
8
Suppose 5*x = w + 3294, 0 = 13*x - 14*x - w + 666. What is the greatest common factor of x and 264?
132
Suppose -810 - 795 = -107*d. What is the greatest common divisor of 5250 and d?
15
Suppose -770 + 143 = 11*j. Let z = -47 - j. Calculate the highest common divisor of z and 20.
10
Suppose 4*t - 35*w - 316 = -37*w, -5*t = w - 398. What is the greatest common divisor of t and 184?
8
Let f be ((-1162)/84 + 10/12)*-304. What is the highest common factor of f and 128?
16
Let x(w) be the third derivative of -63*w**4/8 - 35*w**3/3 - 70*w**2. Let t be x(-2). Calculate the greatest common factor of 44 and t.
44
Let w be ((-6)/11)/((-60)/3960). What is the highest common divisor of 3948 and w?
12
Suppose 26*u - 99 = 551. Suppose 20 = -20*q + u*q. Calculate the greatest common factor of q and 20.
4
Suppose 25*q = 22*q + 18. Suppose 0 = -q*t + 10*t - 128. Suppose -5*p + 405 = 5*j, -2*p - 4*j + 100 = -64. What is the highest common divisor of t and p?
16
Let d(m) = -24*m + 614. Let b be d(-14). Calculate the greatest common divisor of 150 and b.
50
Suppose 0*s - 6 = 2*s, g + 3*s = 6. Let i be g*(343/21 - -5). Calculate the greatest common divisor of 10 and i.
10
Let q(d) = -d**2 + 4*d + 15. Let a be q(6). Suppose 64 = a*m - 4*t, 4*m = -3*t + t + 56. What is the highest common factor of m and 376?
8
Suppose 217 + 4758 = u - 4*i, -14874 = -3*u - 5*i. Calculate the greatest common divisor of 7 and u.
7
Let r = -107 - -9. Let q = 103 + r. Let k be 3/(-2)*(-4)/6. What is the greatest common divisor of q and k?
1
Suppose 429*x = 412*x + 35632. What is the highest common factor of x and 128?
16
Let o = -476 - -731. Suppose 2*g + 56 + 31 = 5*j, -j = g - 9. Calculate the greatest common factor of o and j.
15
Let a be 6 + 1 + 43/((-516)/(-4296)). Calculate the highest common factor of a and 10.
5
Suppose -14699 = 24*f - 5531. Let q = f + 422. What is the greatest common divisor of q and 220?
20
Let z(l) = l + 14. Let w be z(-13). Let i = w + 11. Suppose -7*f - 140 = -i*f. What is the highest common divisor of 14 and f?
14
Suppose 36*d + 3248 = 150704. What is the highest common divisor of 160 and d?
32
Let s(h) = 59*h**2 - 5*h - 21. Let i be s(-3). Calculate the greatest common divisor of 651 and i.
21
Suppose 126*c - 124*c = -j + 22, 107 = 2*j - 5*c. What is the greatest common factor of j and 12?
12
Suppose -50*q = -575*q + 10824975. Calculate the highest common factor of q and 261.
261
Let f = -2 - -13. Suppose 0 = 3*g - 24 - 75. Let x = g - f. Calculate the highest common divisor of 11 and x.
11
Suppose 2*c + 0*i = i + 307, -25 = -5*i. Suppose 3760*h = 3735*h + 325. What is the greatest common factor of h and c?
13
Let q = 35985 - 28055. What is the greatest common factor of 30 and q?
10
Suppose -22*d - l = -26*d - 11, -10 = 2*d + 4*l. Let t be 0 + (1 - -95 - d). What is the greatest common factor of 66 and t?
33
Let i = -8 - -16. Suppose -330 = -i*h - 2*h. What is the highest common factor of 3 and h?
3
Let l = 187 + -95. Suppose 0 = -7*o + 3*o + l. Suppose 3*k + 2*r - 3 - o = 0, k - 17 = r. Calculate the greatest common factor of k and 12.
12
Let s be -7*12/420 + 362/10. Let l(o) = -o**2 + 33*o + 124. Let i be l(s). What is the highest common divisor of i and 688?
16
Suppose 5*v - 4*d + 190 = 0, 3*d + 2*d = 2*v + 93. Let t be 349/10 + v/(-340). Calculate the greatest common factor of 280 and t.
35
Let z(o) = 2*o**3 - 37*o**2 - 40*o + 492. Let k be z(19). What is the greatest common factor of 11 and k?
1
Let p(h) = h**3 + 20*h**2 + 24*h - 108. Let z be p(-16). Calculate the greatest common factor of z and 7.
7
Let c be 12 + -31 + 8 + 7 + 2214. What is the highest common factor of 1820 and c?
130
Let m(q) = -43*q - 3. Let f be m(-2). Suppose 0 = -3*s + 3*i + 168, 4*s - f - 137 = 5*i. Let v = -58 + s. Calculate the highest common factor of v and 1.
1
Let r = -28426 + 28431. Calculate the greatest common divisor of r and 795.
5
Let b(c) = 7*c**2 - 19*c - 13. Let y(x) = x**2 - 18*x + 71. Let k be y(13). Let t be b(k). Calculate the greatest common divisor of 15 and t.
5
Let s be ((-4)/(-21))/(400/1461000) - (-2)/7. What is the greatest common factor of 8816 and s?
232
Suppose 237 = 8*m + 877. Let y be 4/(m/(-825)) + 21/28. Suppose -3*u = -n + 57 - 14, 3*n + 2*u = 74. Calculate the highest common factor of n and y.
14
Suppose 4*y = -3*f + 228, 0*y - 304 = -4*f - 2*y. Let a = 57 + 114. Calculate the greatest common divisor of f and a.
19
Let b = -86 - -136. Let m = -47 + b. Suppose -m*r - 6 - 4 = -2*d, d = 3*r + 5. Calculate the greatest common divisor of d and 5.
5
Suppose -m - 263 = -4*z + 131, z = 3*m + 104. Let f = -2584 - -2654. What is the greatest common divisor of f and z?
14
Let p = 677 - 405. Calculate the highest common divisor of p and 1258.
34
Let q = 121 + -109. Suppose 0 = -q*h + 426 + 414. What is the highest common divisor of 28 and h?
14
Let w be 4/5 - (-90)/(-100)*-138. Suppose -123*c - 6 = -w*c. What is the greatest common divisor of c and 297?
3
Suppose -29*j - 2304 = -593. Suppose -6 = -2*u, 5*o - u = -3*u - 359. Let i = j - o. Calculate the highest common divisor of i and 98.
14
Let b = 576 - 323. Suppose -n + 37 = -v + 32, -4*n + 5*v + 14 = 0. What is the highest common divisor of b and n?
11
Suppose 4*t = 5*s + 374, -34*s + 32*s = -4. What is the greatest common factor of 138 and t?
6
Suppose -3*c + j + 1587 = 0, -11*c = -9*c - j - 1057. Let f = c - 398. Calculate the highest common factor of 11 and f.
11
Let m be (119/238)/(-1*1/(-8)). Let u be m/14 + 8616/28. Suppose 128 = -0*q + 5*q + 4*v, -4*q + 3*v = -121. Calculate the greatest common factor of u and q.
28
Let u = 57 - 57. Suppose 5*z - 5 - 5 = u. Let i be ((-12)/(-10))/(z/5). Calculate the greatest common divisor of 12 and i.
3
Let z = 25 - 7. Let t be ((-5)/(-10))/((-1)/7496). Let i be t/(-26) - 6/39. What is the greatest common factor of i and z?
18
Let u = 202 + -400. Let x be u/(-8) + -1 + 21/(-28). What is the highest common divisor of x and 253?
23
Suppose -38*i = -3*i - 53130. What is the highest common factor of i and 23?
23
Let p(x) be the second derivative of -4*x**3/3 + 38*x**2 - 33*x. Let u be p(7). What is the greatest common divisor of u and 12?
4
Suppose -12*d + 8 + 28 = 0. Suppose -5*o - d*p + 42 = -6*p, 0 = 4*o - p - 35. Calculate the highest common factor of 243 and o.
9
Let q(h) = 2*h**2 - 8*h. Let z = 35 + -31. Let v be q(z). Let n be 0 - (4 + v) - -74. What is the highest common divisor of n and 175?
35
Let f = 3060 + 7890. Calculate the greatest common divisor of f and 146.
146
Let a(u) = 154*u**2 + 22*u + 95. Let h be a(9). Calculate the greatest common factor of 51 and h.
17
Let o(g) = g**3 + 6*g**2 - 9*g - 9. Let a be o(-7). Suppose -a*q - t = -43, q + 2*t - 11 = t. What is the greatest common divisor of q and 88?
8
Let q be (-3)/(-14 - 1) + (-4838)/(-10). Let d be (-2)/(1928/q + -4). Calculate the highest common divisor of d and 11.
11
Suppose -4*u - 3*i = -144, 5*i - 17 - 3 = 0. What is the highest common factor of 6831 and u?
33
Let k(g) = 9*g**3 - 196*g**2 - 31*g - 58. Let z be k(22). What is the highest common factor of z and 1767?
57
Suppose -b - 4*a + 5*a = 2, -2*b = -a. Suppose -b*q + 4*r + 686 = 0, -5*q + 574 + 1169 = -3*r. What is the highest common factor of 27 and q?
27
Let x = -24 + -377. Let t = x + 494. Calculate the highest common divisor of 465 and t.
93
Suppose -4*s = -4*o + 224, 3*o - 5*s + s = 172. Suppose 5*c + 23 = -16*m + 18*m, 4*c + o = 3*m. What is the greatest common factor of m and 16?
8
Let l be (-5642)/(-702) - 3/81. Let w(m) = -m + 2. Let q be w(0). Calculate the highest common divisor of l and q.
2
Suppose -3*k + 62 = -q, 2*q = -11 + 1. Suppose -25*l + 855 = -22*l. Calculate the highest common factor of l and k.
19
Suppose -2*o = 4*v - 761 + 79, -331 = -2*v + o. Calculate the greatest common divisor of 224 and v.
56
Suppose -16*s - 109 = -173. What is the greatest common divisor of 73 and s?
1
Let i be (-8)/6*6858/18. Let u = i - -522. Calculate the greatest common fa